prime factors of v?
2, 3
Suppose -9*l + 10*l = -4, 0 = 5*t + 5*l - 24555. List the prime factors of t.
5, 983
Let j = -5725 + 14690. List the prime factors of j.
5, 11, 163
Let j(u) = 7*u + 92. Let h be j(-18). Let x = h - -653. List the prime factors of x.
619
Let h = 330 - 905. Let u = h - -1056. What are the prime factors of u?
13, 37
Suppose -11*f - 200968 = -14*f - 4*u, -201003 = -3*f + 3*u. List the prime factors of f.
2, 3, 1861
Let z(l) = -l**2 - 4*l + 1. Let y be z(-3). Let g be (1 - -5)*(6 + (-30)/y). Let w = 127 - g. What are the prime factors of w?
2, 17
Suppose 9*k - 75296 = 11392. List the prime factors of k.
2, 7, 43
Let a be 48/56*(-4 + 26/3). Suppose -a*f + 326 + 194 = 0. What are the prime factors of f?
2, 5, 13
Let u(m) = -3*m**2 - m. Let c(z) = -4*z**2 - 2*z + 1. Let j(p) = -4*c(p) + 5*u(p). Let k be j(2). Let o(d) = 26*d - 4. List the prime factors of o(k).
2, 19
Let o(n) = 163*n**3 - n**2 + 28*n + 42. What are the prime factors of o(7)?
2, 7, 4007
Suppose -4*p - p = -3*a + 17270, 4*a - 2*p - 23036 = 0. Suppose a = 8*g - 0*g. What are the prime factors of g?
2, 3, 5
Let r(z) = 149*z**3 - 8*z**2 + 6*z + 13. What are the prime factors of r(3)?
2, 11, 181
Suppose -2*j = 55*u - 50*u - 91507, 5*j + 5*u - 228745 = 0. List the prime factors of j.
2, 89, 257
Suppose 5*s - 120 = -5*n, -4*s - 20 = -8*s. Suppose -25*r = -n*r - 1692. What are the prime factors of r?
2, 3, 47
What are the prime factors of (-80)/(-32) + (-880922)/(-28)?
2, 3, 19, 23
Suppose -5*x - 2*y + y = 7, 4*y = 12. Suppose -10 = -2*h, 5*h + 20 = 3*s - 0*h. List the prime factors of 4 + s + (-2 - x).
19
Let b be 118/3*27/6. Suppose -28*p = p - 7569. Suppose 0 = 6*u - b - p. List the prime factors of u.
73
Let x be (1 - 4)/((9 - 7)/(-2)). Suppose x*t - t - 124 = 0. What are the prime factors of t?
2, 31
Let s = -5100 - -5494. What are the prime factors of s?
2, 197
Let t = 1811 - -321. Let v = t + -1255. What are the prime factors of v?
877
Let l(o) = 2*o + 8. Let t be l(-6). Let s be (t/2 - -3) + -1. Suppose 5*x + 3*a = 523, 3*a - 3 + s = 0. List the prime factors of x.
2, 13
Let y = -3408 + 3407. Let p be (8/10)/(1/5). List the prime factors of (-771)/(-6) + y/2 + p.
2, 3, 11
Suppose 9 = 2*z + 3*x, -3*x = 3*z + 2*x - 15. Suppose -3*h + 91 + 149 = z. Suppose -7*w + h = -3*w. List the prime factors of w.
2, 5
Let q be (7*-182)/(13/(-26)). Suppose 0 = -5*a + q + 1867. What are the prime factors of a?
883
Suppose 4*p = -4*u - 1836, -2*p - p + 3*u = 1353. Let i = 687 + p. Suppose -i = l - 5*l. What are the prime factors of l?
2, 29
Let n(z) = 273*z. Let j = -12 - -10. Let a be n(j). What are the prime factors of a/(-5) - ((-16)/(-5) - 3)?
109
Let c(i) = -8*i - 133 - 13*i - 74 + 20*i. Let o be c(0). Let y = -44 - o. What are the prime factors of y?
163
Let r(q) = q**3 + 9*q**2 - 28*q + 175. What are the prime factors of r(18)?
8419
Suppose 3*a - 51 = -5*d, -33 = a - 3*a - 3*d. Let h be ((-8)/(-3))/(a/18*1). Suppose -h*o + 67 = 3*b, -5*b + 64 = -5*o - 1. What are the prime factors of b?
17
Suppose -4*y = -13 - 7. Suppose -2*h + 4*q = 2*h + 12, y*h + 4*q + 15 = 0. List the prime factors of ((-213)/(-4))/h*(0 - 4).
71
Suppose 2*r = 5*x + 12435 + 4416, -25173 = -3*r - 4*x. What are the prime factors of r?
3, 2801
Suppose 0 = -192*u + 96*u + 756192. What are the prime factors of u?
7877
Let g = 2205 + -1937. Let j(p) = p**2 + 8*p + 10. Let b be j(-7). Suppose b*m - g = -m. List the prime factors of m.
67
Suppose -h + 2 + 5 = 0. Suppose 4*g = -h*z + 4*z + 1121, 1445 = 5*g - 5*z. What are the prime factors of g?
2, 71
Let z(a) = 2*a**2 + 10*a + 4. Let o be z(-5). Suppose -2*m - o*m + 246 = 0. Suppose m*c - 36*c - 545 = 0. What are the prime factors of c?
109
Let r be (8 - 1)/(-2 - -3). Let t(i) be the first derivative of i**4/4 - 7*i**3/3 + 9*i**2/2 + 7*i - 201. What are the prime factors of t(r)?
2, 5, 7
Suppose q + s - 24832 = 0, 179*q + 24792 = 180*q - 4*s. What are the prime factors of q?
2, 29, 107
Let x(m) = -2430*m + 5022. List the prime factors of x(-18).
2, 3, 7, 43
Suppose -104340 = -2*y + 2*v, 0 = -y - v - 16855 + 69041. What are the prime factors of y?
2, 7, 3727
Let c = -255 - -257. List the prime factors of (-944)/c*87/(-58).
2, 3, 59
Suppose -4 = -5*i + 26. Let r = -5 + -121. What are the prime factors of (-1)/i + (-11739)/r?
3, 31
Suppose -2*t - 4010 = -3*w, 1330 = -35*w + 36*w - 2*t. List the prime factors of w.
2, 5, 67
Let d be 343 - (-3)/(6/(-14)). Let f = 980 - d. What are the prime factors of f?
2, 7, 23
What are the prime factors of 20/(-45) + 74762/18?
4153
Let f(m) = 273*m**2 - 5*m - 150. List the prime factors of f(-10).
2, 5, 17
Let o be (2/3)/((-5)/(-450)). Let u be 220/((-4)/(-10) + 6/o). Suppose -u = -6*h + 2*h. What are the prime factors of h?
2, 5, 11
Let i = 73 - 160. Suppose -4*n - 394 = 270. Let p = i - n. List the prime factors of p.
79
What are the prime factors of 37781 - (10 - 1) - 4?
2, 4721
Let q be (85 - 85)/(1*-5*-1). Suppose q = -9*d + 13*d - 3*u - 1693, -5 = -5*u. List the prime factors of d.
2, 53
Let r = -23 + 72. Let u = r - 25. Suppose -j - 5*n = -u, -4*n = -j + 2*j - 20. What are the prime factors of j?
2
Let h(o) be the third derivative of -35*o**4/24 - 7*o**3/2 + 9*o**2 - 2. List the prime factors of h(-5).
2, 7, 11
Let b(j) = 4*j**2 - 2*j - 3. Let a be b(-1). Suppose 336 = 2*s + 3*c + 7, 187 = s - a*c. List the prime factors of s.
2, 43
Let z be 15/4 + (-9)/(-144)*20. Suppose -4*a + 0*x + 3171 = 5*x, 5*x = -z. What are the prime factors of a?
2, 397
Suppose -g + 71 + 124 = -2*m, -959 = -5*g + 2*m. Let f = g + -24. What are the prime factors of f?
167
Let x(t) be the second derivative of t**3/6 - 10*t**2 + 10*t. Let y be x(21). List the prime factors of (-2)/11*y - (-312)/22.
2, 7
Suppose 3*t + 20*f = 16*f + 1, 0 = t - 5*f - 13. Suppose -3*c + 0*g + 3798 = 7*g, -g - 3798 = -t*c. List the prime factors of c.
2, 3, 211
Let h = -415 - -418. Suppose h*c - 1261 = 2*l, 0*c = -5*c - 3*l + 2127. List the prime factors of c.
3, 47
Let r(z) = -68*z - 21 + 14*z + 60. List the prime factors of r(-12).
3, 229
Let x(s) = -7*s + 19. Let n(a) = 3*a**2 + a. Let g be n(-1). Let i be 3 - g*9/2. List the prime factors of x(i).
61
Suppose -15 - 10 = -3*d + 2*q, 4*q = -3*d + 13. Suppose -k + 2*l - 1 = -3*l, -3*l - 5 = 5*k. Let a = d + k. List the prime factors of a.
2, 3
Let a(k) = 320*k**3 + k**2 - 8*k - 4. Let n be a(-4). List the prime factors of n/(-15) + (-72)/(-45).
2, 11, 31
Let y(i) = i**3 - 5*i**2 - 4*i - 12. Let p be y(6). Let d(q) = -q**2 + q - 6. Let m be d(p). List the prime factors of 7/(-14) - (1107/m + 2).
2, 7, 13
Suppose 39 - 53 = 7*j. What are the prime factors of (1162/10)/(j/(-10))?
7, 83
Let x(w) = w**2 - w + 314. Let s be x(0). Let r(n) = s*n**3 - 315*n**3 + 2*n - 2*n**2 - 7*n - 5. List the prime factors of r(-5).
5, 19
Let q(h) = 2*h**3 - 32*h**2 - 279*h + 1. List the prime factors of q(30).
16831
Let w(h) = -5*h**3 - 10*h**3 + 5*h + 8 + 16*h**3 - 5*h**2. Let o be w(5). Let g = 52 - o. What are the prime factors of g?
19
Let c(n) = 45*n + 198. Suppose -312 = -27*z + 390. What are the prime factors of c(z)?
2, 3, 19
Suppose 0 = -0*t - 11*t. Let f be (0 - 1)*t/(-7). Let z = 6 + f. List the prime factors of z.
2, 3
Let u(x) = -592*x - 1474. What are the prime factors of u(-9)?
2, 41, 47
Let z be (3 - 3930/(-9))/(2/24). List the prime factors of 3/(-9) - 3*z/(-18).
3, 293
Let y be 4/6 - ((-10998)/27 - -6). Let i = 1089 + y. What are the prime factors of i?
3, 7, 71
Suppose 4*r - 4*p = 8, -2 = -14*r + 16*r + p. Let l(g) = g**3 + g**2 - 2*g + 225. List the prime factors of l(r).
3, 5
Let r(u) = 53*u + 28 - 68*u + 47*u + 96. What are the prime factors of r(0)?
2, 31
Let q(a) = 29*a + 55. Let b be q(-2). What are the prime factors of b/(-2)*(-160)/(-48)?
5
Suppose r + 5*k = 6789, 2*r - 12117 = 5*k + 1461. List the prime factors of r.
3, 31, 73
Suppose 23868 = 54*f - 41*f. List the prime factors of f.
2, 3, 17
Let d = -385 + 604. Suppose -d*a + 227*a = 424. What are the prime factors of a?
53
Let l(v) be the third derivative of -v**4/12 + 11*v**3/6 - 14*v**2. Let u be l(4). Suppose 8*p = u*p + 500. What are the prime factors of p?
2, 5
Let o be (-6)/(-9)*12498 + -5. Suppose 25*r = 36*r - o. List the prime factors of r.
757
Suppo